+ 6. Let f be 4/18*-1 - (-4)/18. Let c be k(f). Determine r(c).
22
Let v(g) be the third derivative of g**6/360 - 3*g**5/40 + 7*g**4/12 - 23*g**2. Let i(l) be the second derivative of v(l). Determine i(6).
3
Let y be (3 - 1)/(4 - 2). Let g(o) be the second derivative of -o**3/6 - o**2/2 - 14*o - 1. Determine g(y).
-2
Let z(a) = -6 + 0*a + 4 - a. Let k(i) be the third derivative of i**5/60 - 11*i**4/24 - 13*i**3/6 - 5*i**2. Let s be k(12). Give z(s).
-1
Let g(t) = 5*t**2 + 2*t + 1. Let b be (-2 - 12)/(2 - 1). Let c = -10 - b. Suppose 0 = c*z + 6 - 2. Calculate g(z).
4
Let p(u) = 2*u + 18. Let a = 498 + -506. What is p(a)?
2
Let y(h) be the first derivative of -2*h**3 + 66. What is y(-1)?
-6
Let n be (184/(-690))/(2/(-75))*(-2)/(-4). Let g(m) = -2*m + 3. Let c(i) = -5*i + 8. Let h(l) = -2*c(l) + 7*g(l). Determine h(n).
-15
Suppose 18 = 3*m - 2*m. Suppose -12 = l + 5*p, 3*l - 2*p - m = -l. Let t(q) = 0*q + q - q**2 - 4 + 0*q**2 + 2*q. Give t(l).
-4
Let o(t) be the first derivative of t**2/2 - 2*t + 3. Let r be o(5). Suppose -b = 1 - r. Let a(c) = c**2 - 5*c + 1. What is a(b)?
-5
Let x(h) = -h**2 - 3*h + 3. Suppose -2*k = 4*l - 16, -l = -5*k + 4*l - 20. Suppose -7*g + k*g = 28. Determine x(g).
-1
Let i(l) = 52*l**2 + 1. Let x be -1*((-8 - -6) + 3). Determine i(x).
53
Let c(x) = 51 - 94 + 47 + x. Calculate c(-3).
1
Let y(a) = -29*a + 11. Let g(n) = -14*n + 5. Let m(w) = -7*g(w) + 3*y(w). Determine m(-1).
-13
Let s(r) = r - 1. Let q(h) = -2*h - 9. Let i(j) = -q(j) - 4*s(j). Let b be i(5). Let o(x) = -b + 4*x + x**2 - 6*x + 5*x. Calculate o(-4).
1
Suppose 5*n + 2*a - 159 = 0, 10*n + a = 8*n + 64. Suppose 0 = -7*w + n + 53. Let y(i) = -i + 15. Determine y(w).
3
Let n(k) = -k + 3. Let d = -9 + 9. Let j be n(d). Let w(x) = -x**2 - 6*x + j + 6*x. Give w(-3).
-6
Let a(i) = -i - 3. Let q(h) = h + 2. Let s(f) = 5*a(f) + 4*q(f). What is s(-7)?
0
Let x(n) = 2*n - 1. Let r be x(0). Let b(i) = 7*i**3 + i**2 + 1 + i - 11*i**3 + 1 - 1. Calculate b(r).
5
Let i = 29 - 26. Let p(g) = i*g + 5*g + 106 + g**2 - 97. Let c be (4 + -1)/(1/(-2)). What is p(c)?
-3
Let z(l) = 8*l - 29. Suppose q - 120 = -29*q. Calculate z(q).
3
Let t(k) = k**3 + 7*k**2 - 6. Let c = -299 + 293. What is t(c)?
30
Let b(d) = -7*d**2 + d + 1. Let v(w) = -9*w**2 + 2*w + 1. Let f(l) = -5*b(l) + 4*v(l). Let n = 4 + -2. Calculate f(n).
1
Suppose -4*m - m + 19 = 4*y, -3*m + 14 = 5*y. Let h(s) = -s + 2 + y + 7. Determine h(0).
10
Let p be 1976/(-171) - 4/9. Let n(o) = 2*o + 19. Give n(p).
-5
Let y(q) = 147 - 10*q + 9*q**3 - 156 + 7*q**3 - 15*q**3 + 5*q**2. What is y(-6)?
15
Let v(g) = -3*g - 7 + 5 + g**2 + g**3 + 2*g**2. Suppose 6*k = -10 - 8. What is v(k)?
7
Let h(l) = 3*l**3 - 28 - 52 - l + 79 + 0*l. What is h(-1)?
-3
Let p(y) be the second derivative of -2*y**3/3 + y**2 - 183*y. Calculate p(-1).
6
Let p(w) = 2*w - 15*w - 5*w**3 + 4*w**3 - 156*w**2 + 143*w**2 - 16. Determine p(-12).
-4
Let q(y) be the first derivative of 2*y**3/3 - 6*y**2 - 2*y - 15. What is q(6)?
-2
Let m(u) = -u + 9. Let h(s) be the third derivative of s**6/120 + s**5/15 - s**4/6 - s**3 - 27*s**2. Let v be h(-4). Calculate m(v).
-1
Let y(d) = -d**3 - 6*d**2 - 3*d - 7. Let k(g) = -2*g + 34. Let q be k(16). Suppose -x - q*r - 7 = -r, 0 = -x + 2*r - 1. Give y(x).
-17
Let k(u) be the first derivative of -u**3/3 + 3*u**2 - 3*u + 545. Calculate k(2).
5
Let q(k) = -78*k + 246*k - 5 - 79*k - 87*k. Calculate q(12).
19
Suppose 21 = 2*m + 2*x - 1, 0 = 2*m + x - 23. Suppose -3*g + m = 9. Let o(r) = r - 1. Give o(g).
0
Let k(u) = 11*u - 4*u - 241 + 251. Determine k(-4).
-18
Let v(r) = -5*r + 9. Let b be v(4). Let d = 7 + b. Let o(w) = 2*w**2 + w**2 - 4*w + w**3 + 38 - 40. Calculate o(d).
-2
Let m = 5 + -1. Let w(f) = f**3 + f**2. Let n(c) = 5*c**3 + 12*c**2 + 3*c - 7. Let a(o) = -o. Let q(d) = 2*a(d) - n(d). Let i(y) = m*w(y) + q(y). What is i(-7)?
-7
Let j be 2 - (2*-1 - -8). Let x(u) be the second derivative of 0 + 1/2*u**3 + 1/12*u**4 + u**2 + 12*u. Give x(j).
6
Let x(r) = r. Let s(z) = -z**3 - z**2 + 2. Let t be s(0). Suppose -t*o + 38 = -2*q, 0 = -4*o + q + 119 - 34. Let f = o - 19. What is x(f)?
3
Let c be 1*7 - (-2 - -2). Suppose -4*j + c = -5*s, -2*j + 5*s + 11 = -0*j. Let l be 1/j*(-10 - -22). Let h(i) = i**2 + 6*i + 3. Determine h(l).
3
Let d be (-7 + 1)*2/(-4). Let f(l) = -2*l**3 + 21*l**2 - 12*l**2 - 2*l + d*l - 10*l**2. Suppose w + 3*a + 2 = 0, 2*w + 4 = -4*a - 0. Determine f(w).
10
Let c(p) = 11*p - 111. Let u be c(10). Let v(h) = -7*h**2 + h - h**2 + h**2. What is v(u)?
-8
Let q(j) = -2*j**2 - 1. Let k(h) = 11*h**2 + 5*h + 1. Let v(z) = -k(z) - 5*q(z). Let i be (0 + -5)*1*1. Determine v(i).
4
Let l(t) = 398 - t**2 - 2*t - t**3 - 203 - 196. Let q(d) = 2*d + 4. Let p be q(-3). Determine l(p).
7
Let y(c) = -4*c + 4. Let f = -253 + 255. Determine y(f).
-4
Let o(u) = -u**3 + 4*u**2 + 5*u - 1. Let f be (8 - 148/16)/((-5)/20). Calculate o(f).
-1
Let k(q) = 2*q**2 + q - 1. Let v(p) = 2*p**2 + p - 2. Let j(h) = -2*k(h) + 3*v(h). Let c be j(-2). Let x(l) = -c - 5*l + 0 + 0 + 3. Give x(1).
-4
Let i = 26 - -22. Suppose 0 = a + a - i. Suppose -7*p - a = 11. Let y(o) = -o**2 - 5*o + 6. Give y(p).
6
Let q(y) = 7*y - 82. Let v(x) = -2*x + 1. Let d(g) = -q(g) + 2*v(g). What is d(8)?
-4
Let h(g) = -g**2 - 11*g - 5. Suppose 4*d = 2*f + 8*d - 8, 5*f - 3*d + 45 = 0. Determine h(f).
25
Suppose 0 = -h + 3*v + 2, v - 13 + 12 = 0. Let o(q) = q**3 - 3*q**2 - 12*q + 6. Calculate o(h).
-4
Let z(t) = 6*t - 2 - 6*t + t + 4. Let x(d) = -d**3 + d**2 + 3*d - 7. Let r be x(0). Determine z(r).
-5
Let k(r) be the second derivative of r**5/20 - 2*r**4/3 - 3*r**3/2 - 7*r**2/2 - 276*r. Calculate k(8).
-79
Let s be (6 - 3)*1 - 1. Let q be 2 - (-4 + s)/(-1). Let i(h) = -1 - 3*h + 0*h**2 - h**2 + q*h + 2*h**2. Give i(5).
9
Let v be -6 - 0/(-1 - -5). Let d(z) = 5*z + 11*z + 11 - 15*z. What is d(v)?
5
Let b be (-6)/15 - (-385)/25. Let u be (2 - -1)*b/9. Let f be u/(5/2) + -3. Let i(d) = d**2. Give i(f).
1
Let b be (-2 - 2/(-2)) + 7. Let r(i) = i**3 - 7*i**2 + 2. Let x be r(7). Let l(n) = 8 + 2 + n**x - 3 - 8*n. What is l(b)?
-5
Let l = -18 + 20. Let g(j) = -12*j - 3. Let b(f) = -60*f - 16. Let h(p) = l*b(p) - 11*g(p). Calculate h(-1).
-11
Let q(o) = o**2 + 5*o + 11. Let w(s) = 3*s**2 + 10*s + 20. Let j(p) = 5*q(p) - 2*w(p). Give j(7).
1
Suppose 0 = -5*s + 5*y, -3*s - 5*y = -4*y. Let n = -35 - -37. Let m(h) = 2 + h + 0 + n. What is m(s)?
4
Let o(m) be the third derivative of m**6/120 + m**5/10 - 7*m**4/24 + 5*m**3/6 - 23*m**2. Let d be o(-7). Let k(b) = -b - 1. Calculate k(d).
-6
Suppose 13*h = -4195 + 4208. Let r be (-2)/(1 + 1) + 2. Let o(i) = 1 - i + r + 0*i. Calculate o(h).
1
Let a be (-11 + 5)/(-6)*(-1)/(-3). Let c(k) be the second derivative of 0 - 5*k + 3*k**2 - a*k**3. Determine c(4).
-2
Let v = -33 - -33. Let s(q) = -5*q**2 + 0 + 3*q**2 + v. Determine s(2).
-8
Let b = 24 + -23. Let y(o) = 13*o + 1 - b - 14*o. Calculate y(2).
-2
Let x(n) = 8*n - 21. Let g(m) = m**3 + 28*m**2 - 30*m - 26. Let b be g(-29). Determine x(b).
3
Let y(x) = -x - 8. Let t(h) be the second derivative of -h**5/20 - h**4/3 + h**3 - h**2/2 + 17*h. Let m be t(-5). Determine y(m).
-2
Let g = 5 + -10. Let z(t) = -t. Let i be 3/(-6) - (-1)/(-2). Let w(j) = -3. Let s(a) = i*w(a) + z(a). Determine s(g).
8
Let r be (0 - 0/(-3))*-1. Suppose 2*z + 5 = -r*z - 5*p, 4 = 2*z - 4*p. Let a(j) = j**2 - 7. Determine a(z).
-7
Let f(n) = n + 5. Suppose -w + 4 = -0*w. Suppose w*b = 3*s + 2*b + 12, 2*s + 3*b + 8 = 0. Give f(s).
1
Let i(r) = r - 8. Suppose -q + 4 = -3*y, 41*y - 2*q + 8 = 37*y. What is i(y)?
-8
Let m(x) = -83*x**2 - 59*x + 156. Let h(j) = -15*j**2 - 12*j + 31. Let f(v) = 11*h(v) - 2*m(v). Give f(11).
-4
Let h(v) be the second derivative of -v**3/6 + 5*v**2/2 + 117*v. Calculate h(-6).
11
Let n(z) = 2*z - 21. Suppose -4*h = 12, -10*g = -6*g - 5*h - 63. Give n(g).
3
Let a(m) = m + 0*m + 1237 - 1256. Give a(11).
-8
Let a(x) = x + 2. Let c be a(3). Suppose 2*y - p = 0, -3*p + 6 = -2*y - c*p. Let q(h) be the first derivative of 2*h**4 - h**3/3 + h - 1. What is q(y)?
-8
Let d(n) = -3*n - 6. Let p(t) = -7*t - 12. Let f(i) = 5*d(i) - 2*p(i). Suppose -5*l + 5*z - 546 + 1716 = 0, 0 = z - 1. Let g = 229 - l. Calculate f(g).
0
Let h(i) = -2*i**3 - 6*i - 4 + 2*i**2 + 3*i**3 + 0. Suppose 20 - 47 = n. Let g = n 